-6 + 0. Let f(g) = 9*g + 5. Let o(r) = 2*r + 1. Let w(a) = -f(a) + 5*o(a). Calculate w(y).
-6
Let b(v) = v**2 - 4*v + 1. Let q(t) = t**3 + 5*t**2 + 3. Let f be q(-3). Let j(s) = s + 9. Let h be j(5). Let z be (-4)/(-3)*f/h. Calculate b(z).
-3
Suppose -11*i - 12 = i. Suppose 5*z - 12 = -2. Let f(l) = l**z + l + 0*l + 6*l**3 + 0*l**3 - 2*l**3. Determine f(i).
-4
Let o(y) be the third derivative of -y**4/24 + 2*y**3/3 - 3*y**2 + 29*y. Calculate o(-4).
8
Let b(h) be the first derivative of h**3/3 + 9*h**2/2 + 2*h - 15. Give b(-8).
-6
Let v(d) = -2*d - 11. Let p be 0/(3*-1) + (-6)/(-6). Let y be -2*p/2 + (-13 - -6). What is v(y)?
5
Let q(y) = 2*y + 1. Suppose -v + 0*v - 5*s = 13, s - 4 = 2*v. Let h(m) = -3*m - 1. Let j(l) = v*h(l) - 4*q(l). Give j(-4).
-5
Let x(j) = -j**2 - j + 7. Let f be x(0). Let q(o) = -13*o**3 + 7*o + 16. Let b(y) = -2*y**3 - y**2 + 1. Let v(a) = -6*b(a) + q(a). Determine v(f).
10
Let u(z) = -2*z**2 - 8*z - 8. Let y(m) = -2*m**2 - 40*m + 36. Let a be y(-21). Give u(a).
-32
Let m(f) be the first derivative of f**4/4 + f**3 + 5*f**2/2 + 3*f - 122. Calculate m(-4).
-33
Let s be 7 + -10 - (-2 - 1)/1. Suppose s = 4*b + 41 - 9. Let o(p) = -p**2 - 8*p - 4. What is o(b)?
-4
Let p(g) = g**3 - 4*g**2 - 5*g. Let v = -1118 - -1122. What is p(v)?
-20
Let h(c) = c**3 - 11*c**2 - 15*c + 16. Let u = 283 + -271. Give h(u).
-20
Let r(p) = -p**3 - 7*p**2 + 8*p + 10. Let v be 1/(-6) + 1703/(-78). Let m be 2/6 - 1 - v/(-3). What is r(m)?
10
Let v(z) = 14*z**3 + 2*z**2 - 35*z + 21. Let w(k) = 5*k**3 + k**2 - 12*k + 7. Let n(g) = -4*v(g) + 11*w(g). Let o = 90 + -150. Let h = 65 + o. Give n(h).
-17
Let q(n) = n**2 - 2*n. Let w = -360 + 363. Determine q(w).
3
Let c = 31 - 26. Let i(h) = -c*h + 15 - 9 - 9. Determine i(3).
-18
Let n be (-4 - 15/(-5))/((-33)/(-6) + -5). Let h(q) = q**3 + 4*q**2 - 2*q**2 - 3 - 3*q - q**2. Determine h(n).
-1
Let r(w) be the third derivative of -w**4/24 - 7*w**3 - 2*w**2 - 56. Calculate r(0).
-42
Suppose 0 = -4*i + 5*c - 23, 0*i + 2*c = 2*i + 10. Let a(v) = 3*v + 5. What is a(i)?
-1
Let b(u) = 8*u. Let x = -588 - -589. What is b(x)?
8
Let z be 15/(270/(-84))*(-12)/7. Let n(g) = g - 20. What is n(z)?
-12
Let s(i) = 4*i - 7. Let m(o) = -6*o + 13. Let f(n) = 4*m(n) + 7*s(n). Give f(-4).
-13
Let j(d) be the second derivative of -5/6*d**3 - 3/2*d**2 + 0 - 1/20*d**5 + 5*d - 7/12*d**4. Let k(b) = b - 1. Let y be k(-5). Determine j(y).
-9
Let f(b) = b**3 - b**2 - b + 1. Let u(p) = 4*p**3 + 5*p**2 - 14*p - 8. Suppose -5*x = -6*x + 1. Let q(t) = x*u(t) - 5*f(t). What is q(9)?
-13
Let t(k) be the first derivative of k**4/4 - 2*k**3 + 3*k**2 - 9*k - 129. Calculate t(6).
27
Suppose 0 = 3*b - 3*n - 3 + 24, b = -5*n - 7. Let s(z) = -z**2 - 8*z + 2. Let f be s(-8). Let v(p) = 7*p**2 + p**3 - p**f + 28*p + 8 - 33*p. Determine v(b).
-6
Let f(h) be the first derivative of h**4/2 + 2*h**3/3 - 5*h**2/2 - 2*h - 1. Suppose 239 = -68*p + 35. Give f(p).
-23
Let j(i) be the second derivative of -1/6*i**3 + 0 - 1/2*i**4 + 7*i + 5/2*i**2 - 1/20*i**5. Calculate j(-6).
11
Let i = 328 + -334. Let k(q) = -q**2 - 6*q - 2. Give k(i).
-2
Suppose j + 1 = -u, -j - 1 = -3*u - 4. Let k(a) = -a**3 - a**2 + 8*a - 1. Let q(g) = 16*g**3 + 2*g**2 - 17*g + 1. Let w(m) = 2*k(m) + q(m). What is w(u)?
-14
Suppose 62*f - 61*f + 2 = 0. Let p(m) = -m**3 + 4*m**2 + m + 4. Let z(w) = w**3 - 4*w**2 - 2*w - 5. Let h(a) = f*p(a) - 3*z(a). Determine h(5).
2
Let y(x) = 3*x**2. Let o(g) = 13*g**2 + 1. Let w(i) = -2*o(i) + 9*y(i). Let d be (0*(2 + 5/(-2)))/(-1). Give w(d).
-2
Let h(x) = 3*x**2 + x**3 + 2 - x**2 + 0*x**2. Let g(y) be the first derivative of -y**4/4 + 2*y**3 + 7*y**2/2 - 3*y + 3. Let w be g(7). What is h(w)?
-7
Let k(r) be the first derivative of -r**2/2 - 36. Let t(y) = y**3 - 3*y**2 - 7*y + 4. Let f(q) = -3*k(q) + t(q). Determine f(4).
4
Suppose 0 = -14*s + 18*s - 784. Suppose -6*b - s = b. Let k be (b/42)/((-4)/(-6)). Let y(h) = -h**2 + 2*h + 1. What is y(k)?
-2
Let f(y) be the second derivative of y**7/2520 + y**6/72 + 7*y**5/120 - 19*y**4/12 + 13*y. Let p(o) be the third derivative of f(o). Calculate p(-7).
-14
Suppose -34*q + 48*q + 42 = 0. Let k(x) be the third derivative of -x**6/120 - x**5/30 + x**4/12 - x**3/6 + 3*x**2. What is k(q)?
2
Let t(g) = -g - 1. Let j be 2/4*(22 - 18). Suppose y = 3*c + 15, 2*y - j*c = 3*c + 26. Suppose 5*v = y - 18. Determine t(v).
2
Let y(f) = -2*f + 4. Let c = 9 - 25. Let o = 22 + c. Suppose 0 = -p + o - 2. Give y(p).
-4
Suppose u - 19 + 50 = -5*p, -2*p + 25 = -3*u. Let j(z) be the second derivative of -z**5/20 - z**4 - 2*z**3 - z**2/2 - 5365*z. What is j(u)?
10
Let i(r) = r**3 + 11*r**2 + 12*r + 5. Let g(c) = -c**3 + c**2 + 2*c + 2. Let s be g(3). Determine i(s).
-15
Let g(o) = o + 94. Let u(z) = z + 23. Let w(b) = -2*g(b) + 9*u(b). Give w(-6).
-23
Let h(z) be the second derivative of z**3/3 + 3*z**2 + 15*z. Suppose 3*l = -l - 16. Calculate h(l).
-2
Let j(l) be the second derivative of -l**4/4 - 4*l**2 + 29*l - 10. Give j(-4).
-56
Let g(x) = 307*x**2 + 303*x**2 - 7*x + 305*x**2 - 1227*x**2 + 310*x**2 + 7. Determine g(-8).
-65
Let k be ((-10)/15 + -2)/(4/(-6)). Let o(x) = 3*x - 7*x + 3*x + 2*x. What is o(k)?
4
Let m(y) be the third derivative of y**4/24 - y**3/3 - y**2 + 192. Give m(-3).
-5
Suppose 3*m + 24 = g - m, 0 = m - 4. Let t = g + -44. Let o(a) = -2*a - 2. Calculate o(t).
6
Let j(d) = 4*d - 4. Let y(r) = -r**2 + 12*r + 10. Let w be y(13). Calculate j(w).
-16
Let q(w) = -w + 2. Let j(y) = -2*y + 4. Let k(h) = 3*j(h) - 5*q(h). Let v = -12 + 17. Suppose 0 = -10*p + v*p. Give k(p).
2
Let b(k) = 2*k**2 + 5*k - 11. Let f(l) = 3*l**2 + 10*l - 18. Let i(y) = 7*b(y) - 4*f(y). Determine i(4).
7
Let s(r) = r - 6. Suppose -6*h + 140 = -h + 3*q, 25 = 2*h - 5*q. Let y be 12/(-1 + 0) + 2. Let p be 140/h - 4/y. Give s(p).
0
Let v(u) = -6*u**2 + u. Let d be v(1). Let g(n) = n**2 - n - 1. Let r(h) = -h**3 - 4*h**2 + 6*h + 5. Let f(m) = d*g(m) - r(m). What is f(-1)?
-1
Suppose -12 + 5 = -l. Suppose l = i - 5*y, -4*i + 9 = -y - 0*y. Let n(f) = -3*f + 3*f - i*f + 6 + 0*f. Calculate n(6).
-6
Let m(o) be the third derivative of o**6/120 - o**4/8 + o**3/6 - 180*o**2. What is m(2)?
3
Let d(r) be the first derivative of r**7/840 - r**6/45 + r**5/20 - r**4/4 + 6*r**3 - 20. Let f(h) be the third derivative of d(h). Determine f(7).
-13
Let a(d) be the third derivative of -d**5/60 + 5*d**4/24 + d**3 - 3*d**2. Let o be a(7). Let p(g) = -g**3 - 8*g**2 - g - 6. Give p(o).
2
Let b(l) = -l**2 + 12*l - 20. Let p = 559 + -548. Calculate b(p).
-9
Let h(f) be the second derivative of f**4/12 - f**3/2 - 3*f**2/2 - f. Suppose -142 = 126*r + 236. What is h(r)?
15
Let y(x) = -11*x**2 - x - x**3 - 14*x**2 + 21*x**2. Calculate y(-3).
-6
Let l be -3 - (6 + (-2 - 2)). Let k(f) = -7*f - 18. Let x(y) = 3*y + 9. Let u(w) = l*x(w) - 2*k(w). Determine u(0).
-9
Let j(n) = n**3 + 7*n**2 + 13*n + 9. Let w be j(-4). Let b(z) = z**3 - 2*z**2 - 3*z - 5. What is b(w)?
55
Let c(s) = -2*s**2 - 7*s + s**2 + 3 + s. Let x be 0 - 0 - (3 + 49/(-7)). Suppose 0 = x*l + 16, w + l + 10 = -0*l. What is c(w)?
3
Let f(p) = -p**2 - 7*p + 9. Let i be ((-2)/3)/(1/18) + 5. Calculate f(i).
9
Let a(r) = -r - 6. Suppose 0 = -0*n + 6*n + 228. Let z = 33 + n. Calculate a(z).
-1
Let r(g) be the third derivative of g**5/120 - g**4/3 - g**3/2 - 7*g**2. Let k(h) be the first derivative of r(h). Calculate k(7).
-1
Let p(i) be the second derivative of i**4/12 - i**3/2 + 3*i**2/2 - 165*i. Let s = -7 - -4. Let k be 2 - 0 - (2 + s). What is p(k)?
3
Let s(d) be the first derivative of -d**3/3 + 11*d**2/2 + 27*d + 164. Calculate s(13).
1
Suppose 2*m + 19*q - 37 = 24*q, -q + 7 = 2*m. Let r(s) = -s + 8. Give r(m).
2
Let l(z) = -7*z**2 + 2*z - 1. Suppose -1 = -2*j + 3*j. Let x = j + 2. Give l(x).
-6
Let q(c) = 13*c - 18. Let k be q(6). Let v(f) = k - 6*f - 9*f - 61. Determine v(-1).
14
Suppose 2 = -5*f + 3*u + 5, -5*u = -5*f + 5. Let z(t) be the second derivative of -t**3/6 + t**2 - 4*t - 11. Determine z(f).
2
Let q(k) = -k**3 + 3*k**2 - 5*k + 5. Suppose -251*c + 248*c + 12 = 0. Calculate q(c).
-31
Let a(y) be the second derivative of -y**4/12 + y**2/2 + 345*y. Calculate a(3).
-8
Let z = -9 + 33. Let w(f) = -4*f + f + z*f. Calculate w(-1).
-21
Suppose -c - 4*c + 25 = 4*k, -k = c - 5. Let t be 1*(2 + 0 + -1). Su